{"id":55,"date":"2016-05-31T18:33:28","date_gmt":"2016-05-31T16:33:28","guid":{"rendered":"http:\/\/www.llhm.lu\/?page_id=55"},"modified":"2025-06-16T10:22:52","modified_gmt":"2025-06-16T08:22:52","slug":"appel-aux-dons","status":"publish","type":"page","link":"http:\/\/www.llhm.lu\/?page_id=55","title":{"rendered":"Appel aux dons"},"content":{"rendered":"<h2><img loading=\"lazy\" decoding=\"async\" class=\" wp-image-111 alignleft\" src=\"http:\/\/www.llhm.lu\/wp-content\/uploads\/5-212x300.jpg\" alt=\"5\" width=\"357\" height=\"506\" srcset=\"http:\/\/www.llhm.lu\/wp-content\/uploads\/5-212x300.jpg 212w, http:\/\/www.llhm.lu\/wp-content\/uploads\/5-106x150.jpg 106w, http:\/\/www.llhm.lu\/wp-content\/uploads\/5-723x1024.jpg 723w, http:\/\/www.llhm.lu\/wp-content\/uploads\/5.jpg 1263w\" sizes=\"(max-width: 357px) 100vw, 357px\" \/><\/h2>\n<p>\u00a0<\/p>\n<p><img loading=\"lazy\" decoding=\"async\" class=\"alignnone size-medium wp-image-13\" src=\"http:\/\/www.llhm.lu\/wp-content\/uploads\/5.jpg\" alt=\"5\" width=\"1\" height=\"1\" \/>1 personne sur 4 est concern\u00e9e par un trouble mental \u00e0 un moment ou un autre de sa vie<\/p>\n<p>Les pr\u00e9jug\u00e9s sur la maladie mentale incitent pr\u00e8s de 2\/3 des personnes atteintes \u00e0 ne pas chercher d\u2019aide<\/p>\n<p>Les troubles mentaux sont la premi\u00e8re cause d\u2019invalidit\u00e9 professionnelle et une des premi\u00e8res causes d\u2019absent\u00e9isme au travail<\/p>\n<p>C\u2019est pour cela qu\u2019\u00e0 la Ligue nous \u0153uvrons en faveur de la Sant\u00e9 Mentale<\/p>\n<p>Nos \u00e9quipes hautement qualifi\u00e9es s\u2019efforcent de proposer du soutien dans chaque situation<\/p>\n<p>Il est primordial de mobiliser les ressources des personnes touch\u00e9es par la maladie mentale et de sensibiliser la soci\u00e9t\u00e9 \u00e0 cette probl\u00e9matique<\/p>\n<p>Pour cela nous avons besoins de votre aide<\/p>\n<hr \/>\n<p><strong>CCP LU58 1111 0292 0508 0000<\/strong><\/p>\n<hr \/>\n<p><strong>Payconiq:<\/strong><\/p>\n\n\n<figure class=\"wp-block-image size-full is-resized\"><img loading=\"lazy\" decoding=\"async\" width=\"800\" height=\"800\" src=\"http:\/\/www.llhm.lu\/wp-content\/uploads\/Payconiq-QR-don-RA-Ligue.png\" alt=\"\" class=\"wp-image-1579\" style=\"width:303px;height:auto\" srcset=\"http:\/\/www.llhm.lu\/wp-content\/uploads\/Payconiq-QR-don-RA-Ligue.png 800w, http:\/\/www.llhm.lu\/wp-content\/uploads\/Payconiq-QR-don-RA-Ligue-300x300.png 300w, http:\/\/www.llhm.lu\/wp-content\/uploads\/Payconiq-QR-don-RA-Ligue-150x150.png 150w, http:\/\/www.llhm.lu\/wp-content\/uploads\/Payconiq-QR-don-RA-Ligue-250x250.png 250w, http:\/\/www.llhm.lu\/wp-content\/uploads\/Payconiq-QR-don-RA-Ligue-174x174.png 174w\" sizes=\"(max-width: 800px) 100vw, 800px\" \/><\/figure>\n","protected":false},"excerpt":{"rendered":"<p>\u00a0 1 personne sur 4 est concern\u00e9e par un trouble mental \u00e0 un moment ou un autre de sa vie Les pr\u00e9jug\u00e9s sur la maladie mentale incitent pr\u00e8s de 2\/3 des personnes atteintes \u00e0 ne pas chercher d\u2019aide Les troubles mentaux sont la premi\u00e8re cause d\u2019invalidit\u00e9 professionnelle et une des premi\u00e8res causes d\u2019absent\u00e9isme au travail <a href=\"http:\/\/www.llhm.lu\/?page_id=55\" rel=\"nofollow\"><span class=\"sr-only\">Read more about Appel aux dons<\/span>[&hellip;]<\/a><\/p>\n","protected":false},"author":1,"featured_media":0,"parent":0,"menu_order":0,"comment_status":"closed","ping_status":"closed","template":"template-fullwidth.php","meta":{"footnotes":""},"_links":{"self":[{"href":"http:\/\/www.llhm.lu\/index.php?rest_route=\/wp\/v2\/pages\/55"}],"collection":[{"href":"http:\/\/www.llhm.lu\/index.php?rest_route=\/wp\/v2\/pages"}],"about":[{"href":"http:\/\/www.llhm.lu\/index.php?rest_route=\/wp\/v2\/types\/page"}],"author":[{"embeddable":true,"href":"http:\/\/www.llhm.lu\/index.php?rest_route=\/wp\/v2\/users\/1"}],"replies":[{"embeddable":true,"href":"http:\/\/www.llhm.lu\/index.php?rest_route=%2Fwp%2Fv2%2Fcomments&post=55"}],"version-history":[{"count":8,"href":"http:\/\/www.llhm.lu\/index.php?rest_route=\/wp\/v2\/pages\/55\/revisions"}],"predecessor-version":[{"id":1581,"href":"http:\/\/www.llhm.lu\/index.php?rest_route=\/wp\/v2\/pages\/55\/revisions\/1581"}],"wp:attachment":[{"href":"http:\/\/www.llhm.lu\/index.php?rest_route=%2Fwp%2Fv2%2Fmedia&parent=55"}],"curies":[{"name":"wp","href":"https:\/\/api.w.org\/{rel}","templated":true}]}}

<h2><img loading="lazy" decoding="async" class=" wp-image-111 alignleft" src="http://www.llhm.lu/wp-content/uploads/5-212x300.jpg" alt="5" width="357" height="506" srcset="http://www.llhm.lu/wp-content/uploads/5-212x300.jpg 212w, http://www.llhm.lu/wp-content/uploads/5-106x150.jpg 106w, http://www.llhm.lu/wp-content/uploads/5-723x1024.jpg 723w, http://www.llhm.lu/wp-content/uploads/5.jpg 1263w" sizes="(max-width: 357px) 100vw, 357px" /></h2>
<p> </p>
<p><img loading="lazy" decoding="async" class="alignnone size-medium wp-image-13" src="http://www.llhm.lu/wp-content/uploads/5.jpg" alt="5" width="1" height="1" />1 personne sur 4 est concernée par un trouble mental à un moment ou un autre de sa vie</p>
<p>Les préjugés sur la maladie mentale incitent près de 2/3 des personnes atteintes à ne pas chercher d’aide</p>
<p>Les troubles mentaux sont la première cause d’invalidité professionnelle et une des premières causes d’absentéisme au travail</p>
<p>C’est pour cela qu’à la Ligue nous œuvrons en faveur de la Santé Mentale</p>
<p>Nos équipes hautement qualifiées s’efforcent de proposer du soutien dans chaque situation</p>
<p>Il est primordial de mobiliser les ressources des personnes touchées par la maladie mentale et de sensibiliser la société à cette problématique</p>
<p>Pour cela nous avons besoins de votre aide</p>
<hr />
<p><strong>CCP LU58 1111 0292 0508 0000</strong></p>
<hr />
<p><strong>Payconiq:</strong></p>


<figure class="wp-block-image size-full is-resized"><img loading="lazy" decoding="async" width="800" height="800" src="http://www.llhm.lu/wp-content/uploads/Payconiq-QR-don-RA-Ligue.png" alt="" class="wp-image-1579" style="width:303px;height:auto" srcset="http://www.llhm.lu/wp-content/uploads/Payconiq-QR-don-RA-Ligue.png 800w, http://www.llhm.lu/wp-content/uploads/Payconiq-QR-don-RA-Ligue-300x300.png 300w, http://www.llhm.lu/wp-content/uploads/Payconiq-QR-don-RA-Ligue-150x150.png 150w, http://www.llhm.lu/wp-content/uploads/Payconiq-QR-don-RA-Ligue-250x250.png 250w, http://www.llhm.lu/wp-content/uploads/Payconiq-QR-don-RA-Ligue-174x174.png 174w" sizes="(max-width: 800px) 100vw, 800px" /></figure>

<p>  1 personne sur 4 est concernée par un trouble mental à un moment ou un autre de sa vie Les préjugés sur la maladie mentale incitent près de 2/3 des personnes atteintes à ne pas chercher d’aide Les troubles mentaux sont la première cause d’invalidité professionnelle et une des premières causes d’absentéisme au travail <a href="http://www.llhm.lu/?page_id=55" rel="nofollow"><span class="sr-only">Read more about Appel aux dons</span>[&hellip;]</a></p>
