{"id":1008,"date":"2021-06-01T10:41:34","date_gmt":"2021-06-01T08:41:34","guid":{"rendered":"http:\/\/www.llhm.lu\/?page_id=1008"},"modified":"2021-06-01T11:12:16","modified_gmt":"2021-06-01T09:12:16","slug":"pole-insertion","status":"publish","type":"page","link":"http:\/\/www.llhm.lu\/?page_id=1008","title":{"rendered":"P\u00f4le Insertion"},"content":{"rendered":"\n<p> Le p\u00f4le insertion est une structure de psychiatrie extrahospitali\u00e8re soutenant l\u2019autonomie et l\u2019int\u00e9gration des personnes en souffrance psychique par le biais d\u2019un service logement, d\u2019un centre de rencontre et d\u2019un service de soutien \u00e0 l\u2019emploi. <\/p>\n\n\n\n<figure class=\"wp-block-image size-large\"><img loading=\"lazy\" decoding=\"async\" width=\"1024\" height=\"814\" src=\"http:\/\/www.llhm.lu\/wp-content\/uploads\/organigramme-pole-insertion-d\u00e9pliant-1024x814.jpg\" alt=\"\" class=\"wp-image-1010\" srcset=\"http:\/\/www.llhm.lu\/wp-content\/uploads\/organigramme-pole-insertion-d\u00e9pliant-1024x814.jpg 1024w, http:\/\/www.llhm.lu\/wp-content\/uploads\/organigramme-pole-insertion-d\u00e9pliant-300x238.jpg 300w, http:\/\/www.llhm.lu\/wp-content\/uploads\/organigramme-pole-insertion-d\u00e9pliant-150x119.jpg 150w, http:\/\/www.llhm.lu\/wp-content\/uploads\/organigramme-pole-insertion-d\u00e9pliant-1536x1220.jpg 1536w, http:\/\/www.llhm.lu\/wp-content\/uploads\/organigramme-pole-insertion-d\u00e9pliant-2048x1627.jpg 2048w\" sizes=\"(max-width: 1024px) 100vw, 1024px\" \/><\/figure>\n\n\n\n<hr class=\"wp-block-separator\"\/>\n\n\n\n<h4 class=\"wp-block-heading\"><strong>Ses mes missions sont:<\/strong><\/h4>\n\n\n\n<div class=\"wp-block-image\"><figure class=\"alignleft size-large is-resized\"><img loading=\"lazy\" decoding=\"async\" src=\"http:\/\/www.llhm.lu\/wp-content\/uploads\/Kompas-iStock-1035793386-Converti-1004x1024.jpg\" alt=\"\" class=\"wp-image-1013\" width=\"126\" height=\"127\" srcset=\"http:\/\/www.llhm.lu\/wp-content\/uploads\/Kompas-iStock-1035793386-Converti-250x250.jpg 250w, http:\/\/www.llhm.lu\/wp-content\/uploads\/Kompas-iStock-1035793386-Converti-174x174.jpg 174w\" sizes=\"(max-width: 126px) 100vw, 126px\" \/><\/figure><\/div>\n\n\n\n<ul><li>Favoriser la stabilit\u00e9 psychique et augmenter les\nchances de r\u00e9tablissement<\/li><li>Pr\u00e9venir les rechutes psychiatriques et diminuer la\ndur\u00e9e et le nombre d\u2019hospitalisations<\/li><li>Augmenter la qualit\u00e9 de vie<\/li><li>Eviter l\u2019isolement social<\/li><li>D\u00e9velopper davantage les ressources des b\u00e9n\u00e9ficiaires<\/li><\/ul>\n\n\n\n<hr class=\"wp-block-separator\"\/>\n\n\n\n<h4 class=\"wp-block-heading\"><strong>Nous proposons:<\/strong><\/h4>\n\n\n\n<ul><li>Accueil, \u00e9coute et r\u00e9flexion autour de vos questions\net projet de vie <\/li><li>Soins, soutien, et inclusion sociale en favorisant\nl\u2019insertion par le travail, le loisir ou le logement<\/li><li>\u00c9quipe pluridisciplinaire<\/li><li>Travail avec les partenaires du r\u00e9seau et les\nfamilles&nbsp; <\/li><\/ul>\n\n\n\n<hr class=\"wp-block-separator\"\/>\n\n\n\n<h4 class=\"wp-block-heading\"><strong>Prises en charge de:<\/strong><\/h4>\n\n\n\n<div class=\"wp-block-image\"><figure class=\"alignright size-large is-resized\"><img loading=\"lazy\" decoding=\"async\" src=\"http:\/\/www.llhm.lu\/wp-content\/uploads\/AIDE-iStock-875952560-modifi\u00e92-copie-1-1024x520.jpg\" alt=\"\" class=\"wp-image-1022\" width=\"380\" height=\"193\" srcset=\"http:\/\/www.llhm.lu\/wp-content\/uploads\/AIDE-iStock-875952560-modifi\u00e92-copie-1-1024x520.jpg 1024w, http:\/\/www.llhm.lu\/wp-content\/uploads\/AIDE-iStock-875952560-modifi\u00e92-copie-1-300x152.jpg 300w, http:\/\/www.llhm.lu\/wp-content\/uploads\/AIDE-iStock-875952560-modifi\u00e92-copie-1-150x76.jpg 150w, http:\/\/www.llhm.lu\/wp-content\/uploads\/AIDE-iStock-875952560-modifi\u00e92-copie-1-1536x780.jpg 1536w, http:\/\/www.llhm.lu\/wp-content\/uploads\/AIDE-iStock-875952560-modifi\u00e92-copie-1-2048x1041.jpg 2048w\" sizes=\"(max-width: 380px) 100vw, 380px\" \/><\/figure><\/div>\n\n\n\n<ul><li>psychoses<\/li><li>troubles de l\u2019humeur<\/li><li>troubles anxieux<\/li><li>troubles de personnalit\u00e9<\/li><li>troubles de l\u2019adaptation<\/li><\/ul>\n","protected":false},"excerpt":{"rendered":"<p>Le p\u00f4le insertion est une structure de psychiatrie extrahospitali\u00e8re soutenant l\u2019autonomie et l\u2019int\u00e9gration des personnes en souffrance psychique par le biais d\u2019un service logement, d\u2019un centre de rencontre et d\u2019un service de soutien \u00e0 l\u2019emploi. Ses mes missions sont: Favoriser la stabilit\u00e9 psychique et augmenter les chances de r\u00e9tablissement Pr\u00e9venir les rechutes psychiatriques et diminuer <a href=\"http:\/\/www.llhm.lu\/?page_id=1008\" rel=\"nofollow\"><span class=\"sr-only\">Read more about P\u00f4le Insertion<\/span>[&hellip;]<\/a><\/p>\n","protected":false},"author":1,"featured_media":0,"parent":0,"menu_order":0,"comment_status":"closed","ping_status":"closed","template":"","meta":{"footnotes":""},"_links":{"self":[{"href":"http:\/\/www.llhm.lu\/index.php?rest_route=\/wp\/v2\/pages\/1008"}],"collection":[{"href":"http:\/\/www.llhm.lu\/index.php?rest_route=\/wp\/v2\/pages"}],"about":[{"href":"http:\/\/www.llhm.lu\/index.php?rest_route=\/wp\/v2\/types\/page"}],"author":[{"embeddable":true,"href":"http:\/\/www.llhm.lu\/index.php?rest_route=\/wp\/v2\/users\/1"}],"replies":[{"embeddable":true,"href":"http:\/\/www.llhm.lu\/index.php?rest_route=%2Fwp%2Fv2%2Fcomments&post=1008"}],"version-history":[{"count":5,"href":"http:\/\/www.llhm.lu\/index.php?rest_route=\/wp\/v2\/pages\/1008\/revisions"}],"predecessor-version":[{"id":1023,"href":"http:\/\/www.llhm.lu\/index.php?rest_route=\/wp\/v2\/pages\/1008\/revisions\/1023"}],"wp:attachment":[{"href":"http:\/\/www.llhm.lu\/index.php?rest_route=%2Fwp%2Fv2%2Fmedia&parent=1008"}],"curies":[{"name":"wp","href":"https:\/\/api.w.org\/{rel}","templated":true}]}}